ve of i**4/4 - 5*i**3/3 + i**2 - 4*i + 2. What is b(g)?
-12
Let t be (-1)/(-3)*6*2. Let u(n) = 2*n**2 - 5*n + 5. Let j be u(2). Let m(i) = 3*i + 2 + 4*i - 4*i - j - 2*i. Give m(t).
3
Let v(p) = -p**2 - 2*p + 2. Let a = -13 + 21. Suppose 67 = 25*g - a. Give v(g).
-13
Let c(o) = 2*o + 2*o - o. Suppose 0 = 180*q - 1258 + 538. Give c(q).
12
Let m be -3*(24/(-27))/(10/15). Let o(a) = -5*a**3 - 9 + a**3 + 5*a**3 + m*a + 8 - 4*a**2. What is o(3)?
2
Let o(x) = 22*x - 283. Let i(n) = -41*n + 584. Let l(m) = 4*i(m) + 9*o(m). Determine l(6).
-7
Suppose -11 = 2*b - b - 2*i, 0 = -4*b + 5*i - 32. Let m(o) = 0*o + o + 6*o + 3 - 5. Let t(q) = -4*q + 1. Let g(j) = -3*m(j) - 5*t(j). What is g(b)?
4
Let u(w) = -708. Let m(z) = z + 253. Let d(o) = -14*m(o) - 5*u(o). Determine d(-3).
40
Let l be 6 - 4/24*0. Let f(b) = 10*b - 10. Let p be f(l). Suppose -3 = -51*q + p*q. Let o(v) = -v**2 - 2*v + 3. What is o(q)?
-12
Let c(b) = -b**3 - 4*b. Let o be (-8 - (-10 + 0)) + (5 - (-36)/(-4)). Calculate c(o).
16
Suppose 0 = -13*a + 49 - 23. Let c(n) = -3*n - n + n - a*n - 17 + n**3 + 4*n + 13*n**2. What is c(-13)?
-4
Let j(h) = -h**3 - 3*h**2 - 3*h - 6. Let f be j(-6). Let g be -2*2*6/(f/(-25)). Suppose -g*a - 23 + 70 = -3*w, 2*w - 20 = -4*a. Let x(p) = -p + 2. What is x(a)?
-5
Suppose -5*s - 2 = -6*s. Suppose l + 2*m = -3*l, 0 = -2*l + 4*m + 20. Let r(j) = 14 - 3*j**2 - 5*j + l*j**s - 7. Calculate r(-6).
1
Let z(m) = 9*m**2 - 203*m + 377. Let b(g) = 3*g**2 - 67*g + 125. Let f(s) = 7*b(s) - 2*z(s). What is f(2)?
7
Let s(r) be the first derivative of 25*r**2/2 + 95*r + 6022. Determine s(-3).
20
Let q(h) = h**3 + 5*h**2 + 6*h. Let z = 16 + -18. Let m be (12/(-10)*z)/(9/30). Suppose 34*i = 32*i - m. Calculate q(i).
-8
Let z(u) be the third derivative of u**4/6 - 5*u**3/2 + 17*u**2 - 2*u. Give z(7).
13
Let k(g) = 8*g - 1794 - 1792 + 3591. What is k(-1)?
-3
Let g(o) = 1618*o**2 + o + 11 + 2*o - 1617*o**2 - 2*o + 0*o. Determine g(0).
11
Let t(m) = -4*m + 7. Let y be t(-6). Suppose 0 = z + 29 - y. Let h(p) = -p**3 + 4*p**2 - 3*p + 3. What is h(z)?
5
Let a be ((-6)/3)/(2/9). Let s = 390 - 369. Let k be (s - 12)*(-2)/a. Let q(b) = -b**3 + 3*b**2 + b + 1. Give q(k).
7
Let u(k) = -12*k**2 - 41*k - 11. Let n(s) = 4*s**2 + 14*s + 5. Let l(x) = 8*n(x) + 3*u(x). Give l(-3).
4
Let r(f) be the first derivative of 2*f**3/3 - 9*f**2/2 - 44*f - 277. Determine r(-3).
1
Let i(g) = -g + 7. Let q = 204 - 184. Let m = q + -25. Calculate i(m).
12
Suppose 0 = -12*c + 15*c - 24. Let b(v) = -2*v + c + v**3 - 5*v + 11*v**2 + 1 - 5*v + 1. What is b(-12)?
10
Let v(g) = 29*g - 3. Let k(m) = -10*m + 1. Let p(h) = -17*k(h) - 6*v(h). Suppose -19 = -5*a - 4. Let s be a + (-5 - -2) - 2. Determine p(s).
9
Let p(i) = -2*i + 7. Let o be -2 - (-375)/10 - (-3)/6. Suppose 0 = -18*j + 9*j + o. Give p(j).
-1
Let q = 9047 - 9059. Let r(s) = -s**3 - 11*s**2 + 13*s + 12. Give r(q).
0
Let o(m) = 3*m + 2*m - m. Let s(b) = b**2 + 83*b + 1261. Let r be s(-20). Calculate o(r).
4
Let i = -23 + 27. Let v(k) be the first derivative of -1/3*k**3 + 3*k + k**2 + 16. Give v(i).
-5
Let m(b) = b**2 - 15*b - 43. Suppose -3*q + 2*j = -66, -18*q - 5*j = -16*q - 6. Give m(q).
11
Suppose 16*k - k = -45. Let n be (-2)/(-1)*(k - (-49)/14). Let f(q) = -3 - 12*q**2 - 7*q**2 + q**3 + 23*q**2 - n. What is f(-4)?
-4
Suppose -1102 = -40*g - 862. Let t(d) = 9*d - 43. Give t(g).
11
Let d = 202 + -188. Suppose -5*r = -7*i + 4*i + 5, 2*r - d = -2*i. Let b(l) = -3*l - 2. Determine b(r).
-8
Suppose -4*b - 111 - 9 = 16*b. Let t(y) = -9*y - 50. What is t(b)?
4
Let t(d) = -7*d + 2. Let j = -667 - -324. Let i = 339 + j. Calculate t(i).
30
Let z(k) = k**3 + k**2 - k + 1. Let x be z(0). Let f = 451 + -442. Let q(v) = -f - 13*v + 9 + 14*v. What is q(x)?
1
Let x(m) = 59*m - 32. Let u(h) = -97*h + 60. Let c(r) = -3*u(r) - 5*x(r). Calculate c(-11).
24
Let f(l) = 106 + 122 - 22 - 377 + 25*l. Determine f(7).
4
Let s(q) = -324*q - 5 - 328*q + 654*q - 4*q**2 + 2 + q**3. Let a be (27/15)/((-3)/(-10)). Suppose 3*k + 15 = 0, a*y + 2*k = 2*y + 6. What is s(y)?
5
Let t(n) = 10*n - 2. Let i(u) = 30 + 37 - 24*u - 55 - 35*u. Let o(h) = -6*i(h) - 34*t(h). Determine o(3).
38
Let o(f) = -3 - 163*f + 9 - 3 + 156*f + 4 - f**2. Give o(-5).
17
Let y(t) = t - 2. Let q(b) = b - 3*b + 3*b - 5*b + 9. Let h(d) = 2*q(d) + 9*y(d). Let v(p) = 4*p - 5. Let k(u) = -3*h(u) + v(u). Determine k(7).
2
Let j(p) = -11*p + 31. Suppose 3*b - 4*v + 3 = 0, 4*b = 5*b - v. Determine j(b).
-2
Suppose 190*f + 3 = 193*f. Let q(n) = 96*n**2 + 95*n**2 - 191*n**2 - 5*n**3 - f. Determine q(1).
-6
Let z = -1036 - -1034. Let y(o) = -6*o**3 - o**2 + o - 2. Give y(z).
40
Let o = -5 - -10. Suppose 5*y = -o*n + 35 + 5, -n = 4*y - 20. Let r(f) be the first derivative of -f**4/4 + f**3 + 2*f**2 - f + 4. Determine r(y).
-1
Suppose -2*j = 0, -2*l = 33*j - 32*j + 16. Let d(c) = -5*c**2 - 43*c - 7. What is d(l)?
17
Let a(w) = w**2 + 4*w - 2. Suppose 0 = -3*i - 3*p - 103 - 80, -3*i + 3*p = 207. Let f be (-75)/i + 4/(-26). Let k be ((-18)/15)/(f*(-2)/(-5)). Give a(k).
-5
Let v = 34303 - 34303. Let q(d) = -4*d + 6*d - 3*d - 17. Give q(v).
-17
Let u(z) = -25*z - 27. Let k(p) = 23*p + 23. Let f(o) = -7*k(o) - 6*u(o). Give f(8).
-87
Let d(r) = -2*r + 154553 - 3*r - 154713. Calculate d(-33).
5
Let k(v) be the first derivative of v**4/4 - 10*v**3/3 - 8*v**2 + 63*v + 4147. Determine k(11).
8
Let u(w) = 3*w**2 - 5*w + 2. Suppose -9*k - 1647 = -0*k. Let q = 186 + k. Determine u(q).
14
Let s(a) = -3*a**2 + a - 4. Let r be 0 + (4 - 10) + 10 + -1. Determine s(r).
-28
Let a = -7872 + 7875. Let r(y) = -y**3 - 2*y**2 + 10*y - 10. What is r(a)?
-25
Let l = -141 + 144. Let j(d) = 6*d**3 - 1 - 4*d**2 + 0*d**3 + 0*d**l - 7*d**3 + 5*d. Give j(-5).
-1
Let q(i) be the second derivative of i**5/20 - 7*i**4/12 + 4*i**3/3 - 3*i**2 - 8089*i. Suppose -5*y + 7 = -3*y - v, 3*v = -4*y + 39. Determine q(y).
6
Let o(a) = 72 - 218 + a**2 + 72 - 2*a + 75. Suppose h + 0 = -3. Let f = h + 6. Determine o(f).
4
Let c(r) = 7*r - 235. Let l(f) = 8*f - 279. Let g(y) = 7*c(y) - 6*l(y). Calculate g(0).
29
Suppose 214*b - g = 218*b + 111, -3*b - 4*g = 93. Let z(d) = -15*d - 390. What is z(b)?
15
Let o(c) = c**2 - 3. Let h = -31 - -34. Suppose -8*l + h*l + 48 = -4*y, -y + 3*l - 12 = 0. Let w(v) = -2*v - 28. Let r be w(y). Determine o(r).
13
Let i(r) be the second derivative of r**6/120 + r**5/30 + r**4/24 - r**3/6 + 105*r**2/2 + 105*r. Let f(a) be the first derivative of i(a). Give f(-2).
-3
Let v(x) = x**3 - 6*x**2 + 2*x - 6. Let l be v(6). Let f(c) = -15*c + c**2 + 14*c - l*c + 3 + 0. Suppose 3*z + 5 = 20. Calculate f(z).
-7
Let p(h) = -31*h**2 - 13*h - 7. Let d(w) = -27*w**2 - 10*w - 5. Let o(r) = -6*d(r) + 5*p(r). Determine o(-2).
33
Let p(y) = -2*y**2 + 43*y + 766. Let m be p(33). Let c(o) = o**2 - 34. Give c(m).
15
Suppose 16*c + 2*c - 36 = 0. Suppose 4*z = 5*x - 1, -3*z - 1 = -c*x - 2*x. Let v(y) = 5*y**2 + y. Determine v(z).
6
Suppose h - 6*h = 15, 2*h = -l - 19. Let m(b) be the second derivative of b**3/6 + 2*b**2 - 2*b - 1223. Calculate m(l).
-9
Let y(t) be the first derivative of -10*t**4 - 3*t**2/2 + 3*t - 10010. Calculate y(1).
-40
Let h(f) = -104*f + 25*f + 25*f + 34*f - 19 + 25*f. What is h(8)?
21
Let p(x) = -3*x - 3. Let f(v) = -2*v**3 + 220*v**2 + 449*v - 113. Let a be f(112). What is p(a)?
0
Let q(l) = 3*l**2 + 9*l - 3. Let u be q(-4). Let x(v) be the first derivative of -v**4/4 + 3*v**3 - v**2/2 + 9*v + 1342. Determine x(u).
0
Let u(p) = -3*p**3 - 6*p - 1 - 4*p**2 - 7*p + p**3 + p**3 + 14*p. Let h(w) = w**2 + 15*w + 20. Let i be h(-14). Let q = 4 - i. Give u(q).
-11
Let i(x) be the first derivative of -4*x**3/3 - x**2/2 - 2*x - 49. Let v = 8 - 14. Let f be -3*v/(-45)*5. Determine i(f).
-16
Let o(r) be the first derivative of -r**3/3 + 29*r**2/2 - 107*r + 395. What is o(5)?
13
Let w(g) = g**2 - 22*g + 67. Let q be w(15). Let d = q + 33. Let r(o) = o**2 + 5*o + 4. What is r(d)?
4
Let o be -5 + 6 + -5 + 8. Let h(v) = v**3 - 4*v**2 - 4*v + 10. Let x be h(o). Let z(k) = k + 11. Calculate z(x).
5
Suppose -8 = -21*j + 20*j + 3*m, -4*m = -j + 7. Let s(k) = -5*k + 68. Determine s(j).
13
Let t(q) be the first derivative of -3*q + 3*q**2 - 104 + 2*q + 52. Give t(3).
17
Let q be -4*25/10*(-1)/2. Let u(w) = -w**3 + 6*w**2 - w - 4. Give u(q).
16
Let z(j) = 123